 Suppose 6*n - j*n = -22. Calculate the remainder when i is divided by n.
9
Let c(m) = m**2 - 6. What is the remainder when 17 is divided by c(4)?
7
Suppose 5*g - 150 = -3*h, -5*h + 0*g + 287 = -4*g. Calculate the remainder when h is divided by 19.
17
Suppose -5*f = -4*x - 54, -5*x = f - x - 6. Calculate the remainder when f is divided by 6.
4
Let j = 8 - 6. Let o be (-695)/(-20) + j/8. Let a = -19 + o. Calculate the remainder when 47 is divided by a.
15
Let k = 1070 + -732. Let a = k + -147. Suppose -1 + a = 5*z. What is the remainder when z is divided by 13?
12
Suppose 0 = -g - 4*g + 10. Suppose -12 = -g*z - 2*z. Suppose -4*t + 3*p + 66 = 0, -2*t + z*p + 21 = -9. What is the remainder when 35 is divided by t?
17
Suppose 0 = -4*r + 2*r - 5*n + 30, -2*r + 22 = n. What is the remainder when 23 is divided by r?
3
Suppose -2*o - 3*o = 0. Suppose -j + 6 + 9 = o. Calculate the remainder when 28 is divided by j.
13
Suppose -v = 4*z - 103, -5*v = -2*z - z + 106. Suppose 2*h = -4 + 24. What is the remainder when z is divided by h?
7
Let m(v) = -v**3 + 5*v**2 + 5*v + 5. Let j be m(6). Let s be ((-2)/j)/(4/12). Let f(z) = 2*z**2 - 10*z + 8. What is the remainder when f(s) is divided by 7?
6
What is the remainder when (-5 - (-28)/4) + 33 is divided by 19?
16
Let f = -48 + 65. What is the remainder when f is divided by 9?
8
Let i = 8 - 3. Suppose -5*v + 2*s - 4*s + 57 = 0, -v = -i*s - 6. Let z(n) = 3*n**3 - n**2 + n - 1. Calculate the remainder when z(2) is divided by v.
10
Let j = 46 - 19. Let l(y) = y**3 - 8*y**2 + 2*y + 6. Calculate the remainder when l(9) is divided by j.
24
Let j = -6 - -17. Calculate the remainder when 30 is divided by j.
8
Suppose -3*c = 3*n - 54, 20 = -5*c - 3*n + 102. Calculate the remainder when 80 is divided by c.
10
Let m = 9 + -5. Suppose 5*x + i = 71, 4*x + 2*i + 12 = 64. Let u = 29 - x. What is the remainder when u is divided by m?
2
Let g = 74 + -49. Calculate the remainder when g is divided by 7.
4
Suppose 4*k = 3*u + 38, 4*u + 4 = -5*k + k. Let j = u + 46. Calculate the remainder when j is divided by 14.
12
Let v(m) = m**3 - 9*m**2 - 10*m + 2. Suppose -2*d + 22 = -4*b, 6*b - 5 = -3*d + 5*b. What is the remainder when d is divided by v(10)?
1
Suppose -18 = -a + 4*f, -2*a + 18 = -5*f - 6. Suppose -a*c + 28 = -36. Let y = -17 + 28. Calculate the remainder when c is divided by y.
10
Suppose 4*o - 41 = 5*q, -1 = q - 4*o + 20. Let g = 12 - q. Calculate the remainder when 66 is divided by g.
15
What is the remainder when 9 is divided by (2 - -2) + 2/1?
3
Calculate the remainder when 17 is divided by -2*(14 + -10 - 19/2).
6
Let p(o) be the first derivative of -o**4/4 + 13*o**3/3 + 15*o**2/2 + 11*o + 8. Calculate the remainder when 99 is divided by p(14).
24
Let r(t) = -10*t - 27. What is the remainder when r(-10) is divided by 39?
34
Suppose -72 = -3*k + k. Calculate the remainder when k is divided by 13.
10
Let l = 30 - 10. Suppose -4*f + 153 = -d, 5*f - 5*d + 3*d - 192 = 0. Calculate the remainder when f is divided by l.
18
Suppose 4*c - 16 = 0, 2*c - 144 = -5*s + c. What is the remainder when 79 is divided by s?
23
Let d = -164 - -259. What is the remainder when d is divided by 24?
23
Suppose 0 = -5*w + 29 - 659. Let n = w - -88. Let p = n + 60. Calculate the remainder when 85 is divided by p.
19
Suppose -3*u - 4*k = 2*u - 131, 2*u = -2*k + 52. Let r = 2 + u. Calculate the remainder when r is divided by 4/(-2 - 36/(-15)).
9
Let u = -47 + 68. Let k = 1 + 3. Suppose 0 = -k*j - 0*j + 44. What is the remainder when u is divided by j?
10
Let l(y) = y**2 - y - 2 - 7 + 0. What is the remainder when l(-7) is divided by (-6)/(-14) + (-162)/(-14)?
11
Let u(r) = -2*r**2 - 37*r - 163. Let a(c) = -c**2 - 5*c. What is the remainder when u(-10) is divided by a(-4)?
3
Let g(h) = h**2 + h + 11. Calculate the remainder when g(0) is divided by 6.
5
Let w(z) = 2*z**2 - 11*z + 2. Calculate the remainder when 31 is divided by w(6).
7
Suppose 2*x + 51 = 3*b, 3*b - b - 5*x - 45 = 0. Calculate the remainder when 29 is divided by b.
14
Suppose 166 = 5*m + 4*c, -m - 4*m - 3*c + 162 = 0. Calculate the remainder when m is divided by 8.
6
Let t(l) = -l**3 - l**2 + 4. Let o be t(0). What is the remainder when 166/4 - o/(-8) is divided by 11?
9
Let a(f) = 7*f**2 + 8*f - 6. What is the remainder when a(-5) is divided by 22?
19
Let i(t) be the second derivative of t**3/2 - t**2/2 - 3*t. Let f be i(1). Suppose -l = -f*l + 2. What is the remainder when l is divided by 1?
0
Let x = -33 + 59. Calculate the remainder when 50 is divided by x.
24
Suppose 5*u + 30 = 8*u. Let v = -90 + 129. What is the remainder when v is divided by u?
9
Suppose 0 = -p + 4 + 1. Suppose 0 = 4*b - 0*b - 8. What is the remainder when b/3*(17 + 1) is divided by p?
2
Let g = 513 + -353. Suppose 2*q - g = -62. Calculate the remainder when q is divided by 17.
15
Suppose 2*i + 3*i = -2*c + 12, -2*c - i + 4 = 0. Suppose -15 = -m + 4*l - c, 2*l = 5*m - 16. What is the remainder when m is divided by 1?
0
Suppose 0*t + 12 = -3*t. Let q(n) = -n**3 - 4*n**2 + 4. Let v = 22 + -12. What is the remainder when v is divided by q(t)?
2
Suppose -22 = -8*g + 7*g. Calculate the remainder when 59 is divided by g.
15
Let c = 63 - 29. Calculate the remainder when (1 - -1) + (c - -1) is divided by 13.
11
Suppose -3*x + 252 - 18 = 0. What is the remainder when x is divided by 22?
12
Let p(b) = -b**3 + 10*b**2 - 9*b + 9. Let j be p(9). Suppose -5*d - j = -4. What is the remainder when 37 is divided by 2/(d + 45/39)?
11
Suppose -54 = -4*x - 5*n, 10 = 3*x - 2*n - 19. Calculate the remainder when 30 is divided by x.
8
Suppose -7*x + 13 = -106. What is the remainder when 64 is divided by x?
13
Suppose -4*i - 4*d = -2*d - 2, d + 3 = 0. Calculate the remainder when 5 is divided by i.
1
Let o = 41 + -38. What is the remainder when 5 is divided by o?
2
Let f = 3 - -1. Let b(z) = z**2 - 7*z + 8. Let o be b(6). Suppose 0 + f = o*p. What is the remainder when 4 is divided by p?
0
Suppose -2*n + 0*g + 28 = 3*g, 5*g = 3*n - 61. Calculate the remainder when 50 is divided by n.
16
Let o be (-2)/(-3) - 88/6. What is the remainder when (6 - 3)/((-3)/o) is divided by 8?
6
Suppose 2*x - 5 = 5. Suppose -x*d + 11 + 9 = 0. Calculate the remainder when 14 is divided by d.
2
Suppose 16 = 4*a, v + a - 37 = -3*a. Calculate the remainder when (-10 - -9)/(3/(-2 - 184)) is divided by v.
20
Let z = -20 + 41. Suppose -5*o - z + 71 = 0. What is the remainder when 37 is divided by o?
7
Suppose 5*h = 16 + 19. Calculate the remainder when h is divided by 1/2*9*12/18.
1
Suppose -3*y = 4*u - 12, 0 = -4*u - 5*y + 13 - 1. Suppose -5*t = -0*t, -4*o + 2*t = 84. Calculate the remainder when 7/o*(-15 + 0) is divided by u.
2
Let q(w) = w**3 - 10*w**2 + 12*w - 10. What is the remainder when q(9) is divided by 10?
7
Let l(g) = g**2 - 6*g + 3. Let n be l(6). Suppose 0 = 3*b + 4*s - n*s - 49, -2*s = b - 8. What is the remainder when 71 is divided by b?
17
Let u(o) = o + 1 - 4*o**2 - 6*o + 5*o**2. Calculate the remainder when 2 is divided by u(5).
0
Suppose 3*n + 3 = 6*n. Let r be (n - -2) + 18/(-6). Suppose r = 3*j - 14 - 64. Calculate the remainder when 76 is divided by j.
24
Let v(w) = 3*w - 31. Let j(m) = -2*m + 16. Let b(g) = -5*j(g) - 3*v(g). What is the remainder when b(0) is divided by 5?
3
Suppose 3*a - a - 242 = -5*h, 0 = -4*a - 16. Suppose 0*b = -5*b + 65. Calculate the remainder when h is divided by b.
11
Let j(b) = -b**3 + b - 4. Let s be j(0). Let y be (-1)/(-1) - (s - -2). Suppose 43 = y*u - 17. What is the remainder when u is divided by 7?
6
Let n(p) = -4*p + 2. Let o(r) = -r**2 + 12*r + 2. What is the remainder when o(5) is divided by n(-2)?
7
Let n(x) = x**2 + 4*x + 3. Let a be n(-5). Suppose a + 1 = 3*y. Calculate the remainder when y is divided by 1.
0
Suppose -3*x + 4*x - 31 = 0. What is the remainder when x is divided by 11?
9
Let k(a) = a. Let w(x) = -10*x + 5. Let l(r) = -2*k(r) + w(r). Calculate the remainder when l(-4) is divided by 18.
17
Let u = 5 + 10. Calculate the remainder when 44 is divided by u.
14
Let b(p) = p**2 + 2*p + 2. Let x be b(-2). Suppose 1 = -s - 3. What is the remainder when 29 is divided by 1 + -18*x/s?
9
Suppose 2*n = -c - c, -2*n = -5*c - 28. Suppose 0 = -4*y - 25 + 9. Calculate the remainder when (28/(-6))/